uppose -5*g + 3*f + 2581 = 0, -5*g - 66*f = -67*f - 2587. Calculate the highest common divisor of 42 and g.
14
Let n(k) = 6*k**3 + k**2 - k - 1. Let i be n(1). Suppose i*v + 5*x + 18 = 6*v, 2*x + 60 = 2*v. Calculate the highest common divisor of 22 and v.
11
Suppose u + 1 - 3 = 2*r, -2*u + 7 = -3*r. Let n = u - 8. Suppose y = -n*y + 13. What is the highest common factor of y and 117?
13
Let s = 1082 - 1069. Calculate the highest common factor of s and 923.
13
Let l(s) = -s - 5. Let v = -40 + 32. Let a be l(v). Let q = 21 + -15. What is the highest common divisor of a and q?
3
Let f(o) = -o**3 + 5*o**2 + o - 4. Let c be f(4). Let h = -133 + 137. What is the highest common factor of h and c?
4
Let p be (((-7749)/6)/(-21))/(3/4). What is the highest common divisor of p and 205?
41
Let n = 48 + -44. Suppose 36 = n*b + 5*b. Suppose -3*s - 10 = -2*o + 4, -5*o + 4*s + 42 = 0. Calculate the highest common factor of o and b.
2
Let m be 1/((-12)/(-808)) - 28/21. What is the highest common factor of 36 and m?
6
Let u = 262 - 163. Let p = -36 + 47. What is the greatest common divisor of u and p?
11
Let f(j) = -49*j - 17. Let u be f(-1). Calculate the greatest common factor of u and 576.
32
Let d be 28395/675 + 2/(-30). What is the highest common factor of 882 and d?
42
Let k = -77 - -245. Let j(f) = -21*f**3 - f**2 + 1. Suppose u = -h - 1 - 0, 3*h - 2*u = -3. Let b be j(h). What is the greatest common factor of k and b?
21
Suppose 0 = -3*b + 5*b - 4*x - 60, 4*x = 0. What is the highest common factor of 34 and b?
2
Let t be 2/((25 - 26)*1/(-9)). What is the highest common divisor of t and 26?
2
Let x be 186/279 - 4/3*-115. Calculate the highest common divisor of 70 and x.
14
Let w(d) = -89*d - 640. Let p be w(-59). What is the greatest common divisor of 53 and p?
53
Let f = 554 + -533. Calculate the greatest common divisor of 693 and f.
21
Suppose 12 = 2*k - r, -10*k + 32 = -6*k + 2*r. What is the highest common divisor of 1673 and k?
7
Let w be 356/(-32)*-2*16. Let k be w/10 - (-2)/5. Suppose b + 6 = 8*g - 3*g, 20 = 3*b + 4*g. Calculate the highest common factor of k and b.
4
Let d = 106 - 89. Calculate the greatest common factor of d and 136.
17
Let j be (-1)/((-1)/2) + 2. Let n(c) = -3*c**2 + 11*c + 6. Let k be n(5). Let f be k/(-7) + -2 + 1. What is the highest common divisor of j and f?
1
Let z = -608 + 1028. Suppose 4*c = -0*c + z. Let a = 1123 - 1102. What is the highest common divisor of a and c?
21
Suppose 8 = 2*w, 2*q - 3 = w + 39. Let b = 2191 + -1938. Calculate the highest common divisor of q and b.
23
Suppose -n - 4*n = 20. Let i be 31/n - (-18)/24. Let k be (-3 - i)*(-34)/(-8). Calculate the greatest common factor of k and 17.
17
Let n = -335 + 384. Calculate the highest common divisor of n and 784.
49
Suppose a = -3*k + 41 + 48, 0 = 3*a + 3. Suppose 5*u = -172 + 47. Let p = u - -100. What is the greatest common divisor of k and p?
15
Let y(u) = u**3 - 4*u**2 + 5*u - 3. Let f be y(3). Let o be 7/(-1)*(-19)/(-171)*-9. What is the highest common divisor of o and f?
1
Let b(f) = -f**3 - 7*f**2 - f - 4. Let u be b(-7). Suppose 2 = u*s - 115. Suppose -182 = -17*m + 3*m. Calculate the greatest common divisor of s and m.
13
Let u(p) = -p - 8. Let v(w) = -2*w**2 + 3*w + 15. Let d be v(5). Let k be u(d). Calculate the highest common divisor of k and 144.
12
Suppose 29*z + 70 = 30*z. What is the highest common factor of z and 28?
14
Suppose 0 = 9*g - 6*g + 423. Let k = 442 + g. What is the greatest common divisor of 43 and k?
43
Let c be -2*(4/(-10) - 11/10). What is the highest common divisor of 3 and c?
3
Suppose -85*l - 679 + 3654 = 0. Calculate the greatest common divisor of l and 5.
5
Let g be 30824/64 + 6 - 12/(-32). Calculate the greatest common factor of g and 854.
122
Let v be 72/(-6)*(-1)/(6/104). Suppose 2*s - v = -2*f, -84 = -4*s + 2*f + 302. What is the greatest common divisor of s and 11?
11
Let f(d) = 23*d**2 - 4*d - 3. Let b be f(-1). Let g be b/3 - (-45)/9. What is the greatest common factor of g and 169?
13
Let x(l) = -l**3 + 81*l**2 - 4*l + 327. Let d be x(81). Calculate the greatest common divisor of d and 699.
3
Suppose 3*x = -5*x + 32. Suppose x*c = 18 + 414. What is the greatest common factor of c and 72?
36
Suppose r = 2*y - 3*r - 132, -9 = -3*r. Let o be 0/2 + (14 - 13). Let i be (o - 5) + 4 + 24. Calculate the highest common divisor of i and y.
24
Suppose 9*z = 104 - 14. Calculate the highest common divisor of 130 and z.
10
Let j be 104*(-1 - 4/(-2)). Let i be j/6*(-27)/(-18). What is the highest common divisor of i and 13?
13
Let i = 104 - 83. Suppose -5*m = -2*m - 9. Suppose -4*f = h - 15, -3*f + 3 = -h - m. What is the greatest common divisor of i and h?
3
Let j(z) = -z**3 - 5*z**2 + 5*z - 12. Let w be j(-6). Let n be (-2166)/(-95)*(w/(-4) + 1). Calculate the highest common divisor of 3 and n.
3
Let p = 4 + 5. Suppose 2*m - 3 = p. Let v = 11 + -5. What is the greatest common divisor of v and m?
6
Let l be -1*2 - (-4 - 2). Suppose l = -0*k + 2*k. Suppose k*b - 36 - 8 = 0. What is the highest common factor of 22 and b?
22
Suppose -6*l + 1263 = 5*j - 3*l, -5*l + 761 = 3*j. Calculate the greatest common factor of j and 63.
63
Let m(j) be the third derivative of -7*j**4/24 + 30*j**2. Let o be m(-20). What is the highest common factor of 56 and o?
28
Suppose -2*j - 51 + 87 = 0. Suppose -3*v + 14 = -1. Suppose 0 = -v*i + 9 + 1. What is the greatest common factor of j and i?
2
Let t(a) = a**3 + 9*a**2 + 15*a + 4. Let y be t(-6). Suppose 3*c + y = 5*c. What is the highest common factor of c and 1?
1
Let m be (-3140)/(-130) - 10/65. Let b(s) = 2*s**2 + 3*s - 1. Let h be b(-3). Calculate the greatest common divisor of m and h.
8
Let i(m) = m - 3. Let r be i(10). Let g(c) = 10*c**2 + 24*c + 43. Let y be g(-2). What is the greatest common factor of y and r?
7
Let v = 98 + -83. Calculate the highest common divisor of v and 6.
3
Let d = 1453 + -1421. Suppose -n + 1053 = 2*n - 3*p, 4*p + 348 = n. Calculate the highest common factor of d and n.
32
Let p = -116 + 117. What is the greatest common factor of 1 and p?
1
Suppose 5*t = -j + 3*j - 143, t - 4*j + 43 = 0. Let k = 13 + t. Let v = k + 24. What is the greatest common factor of 5 and v?
5
Suppose -791 + 287 = -w. Suppose w = 14*m - 12*m. Calculate the highest common factor of 36 and m.
36
Let l be ((-476)/1190)/(2/(-20)). Let x = -10 + 22. Calculate the highest common factor of x and l.
4
Suppose -n - 288 = -4*n. Suppose -2*b + 64 = 5*t, -5*b + 22 = 5*t - 4*t. Calculate the highest common factor of t and n.
12
Let i(u) = u + 10. Let g be i(-7). Suppose g = 12*t - 11*t. Suppose -8 = -q + t. Calculate the greatest common factor of q and 11.
11
Suppose -10*d - x - 27 = -12*d, -5*d = 2*x - 81. What is the highest common factor of 250 and d?
5
Let h be (-23)/46 + -3 + (-19)/(-2). Let u be 2/(-3) + (-80)/15. Let d = u + 9. What is the greatest common divisor of h and d?
3
Suppose 0 = x - 3*x - 206. Let f be 2/1 + 178 - 0. Let p = x + f. What is the highest common divisor of p and 7?
7
Let f(l) = -l**2 - 2*l + 1. Let c be f(0). Suppose u - 3*q + 4 = 11, -u = -q + c. Let t be 6/(5*(-2)/u). Calculate the highest common factor of t and 24.
3
Suppose 79*f + 10 = 84*f. Suppose -5*j + 43 = 2*n, -5*n - f*j = -4*j - 64. Let s = -6 - -8. Calculate the greatest common divisor of s and n.
2
Suppose -4*a = 3*k + 8, 0*a + 20 = -4*a. Suppose -k*j + 9 = -j. Suppose j*d = -2*i + 10 + 7, -28 = -i + 5*d. What is the highest common factor of i and 65?
13
Suppose -2*b + 2*v + 3*v - 48 = 0, 0 = 4*b - v + 96. Let j be b/3 - 2 - -4. Let l be (-4)/(-6) + (-536)/j. Calculate the highest common factor of l and 18.
18
Let f be 4/7 - 7/(49/(-1284)). Let s be (4/(-6))/((-2)/69). Calculate the highest common factor of s and f.
23
Suppose j + 8*u = 5*u + 19, -22 = -j - 4*u. Calculate the greatest common divisor of j and 190.
10
Let n = 16 + 6. Let g = n - 11. Suppose -5*d = 16 - 71. Calculate the highest common divisor of d and g.
11
Let m = -4 + 25. Suppose -31*x + 27*x = -24. What is the highest common factor of m and x?
3
Let m(l) = 0 - 2 - 10 + 0 + 3*l. Let x be m(12). Suppose -2*z = 3*w - 34, 10*w = 5*w - 5*z + 55. Calculate the greatest common divisor of x and w.
12
Let v(o) = o**3 + 4*o**2 - 9*o + 4. Let t be v(-